when 320 is divided by 77?
12
Calculate the remainder when 53 is divided by 9.
8
Calculate the remainder when 54 is divided by 3.
0
Calculate the remainder when 301 is divided by 103.
95
What is the remainder when 324 is divided by 103?
15
Calculate the remainder when 565 is divided by 381.
184
Calculate the remainder when 125 is divided by 23.
10
What is the remainder when 601 is divided by 27?
7
Calculate the remainder when 83 is divided by 17.
15
What is the remainder when 319 is divided by 37?
23
Calculate the remainder when 236 is divided by 77.
5
Calculate the remainder when 378 is divided by 120.
18
What is the remainder when 178 is divided by 10?
8
What is the remainder when 1132 is divided by 73?
37
What is the remainder when 330 is divided by 309?
21
Calculate the remainder when 12900 is divided by 33.
30
What is the remainder when 115 is divided by 11?
5
Calculate the remainder when 175 is divided by 67.
41
Calculate the remainder when 368 is divided by 63.
53
What is the remainder when 93 is divided by 26?
15
Calculate the remainder when 545 is divided by 150.
95
What is the remainder when 263 is divided by 6?
5
Calculate the remainder when 292 is divided by 34.
20
Calculate the remainder when 4267 is divided by 60.
7
What is the remainder when 9513 is divided by 3168?
9
Calculate the remainder when 43 is divided by 12.
7
What is the remainder when 129 is divided by 33?
30
Calculate the remainder when 1274 is divided by 44.
42
Calculate the remainder when 187 is divided by 60.
7
What is the remainder when 1008 is divided by 10?
8
Calculate the remainder when 440 is divided by 281.
159
What is the remainder when 6 is divided by 5?
1
What is the remainder when 5277 is divided by 22?
19
What is the remainder when 488 is divided by 156?
20
What is the remainder when 125 is divided by 32?
29
What is the remainder when 1893 is divided by 24?
21
What is the remainder when 146 is divided by 38?
32
What is the remainder when 479 is divided by 27?
20
Calculate the remainder when 117 is divided by 21.
12
What is the remainder when 3996 is divided by 50?
46
Calculate the remainder when 280 is divided by 50.
30
What is the remainder when 58 is divided by 16?
10
What is the remainder when 36 is divided by 5?
1
What is the remainder when 194 is divided by 118?
76
Calculate the remainder when 425 is divided by 19.
7
Calculate the remainder when 1411 is divided by 1383.
28
Calculate the remainder when 450 is divided by 191.
68
What is the remainder when 5304 is divided by 242?
222
What is the remainder when 3238 is divided by 404?
6
Calculate the remainder when 56 is divided by 23.
10
What is the remainder when 76 is divided by 23?
7
What is the remainder when 179 is divided by 46?
41
Calculate the remainder when 230 is divided by 49.
34
What is the remainder when 2368 is divided by 6?
4
Calculate the remainder when 359 is divided by 7.
2
What is the remainder when 2506 is divided by 31?
26
Calculate the remainder when 1861 is divided by 81.
79
Calculate the remainder when 134 is divided by 59.
16
What is the remainder when 566 is divided by 258?
50
What is the remainder when 1629 is divided by 541?
6
What is the remainder when 328 is divided by 43?
27
Calculate the remainder when 22 is divided by 2.
0
Calculate the remainder when 45 is divided by 16.
13
Calculate the remainder when 195 is divided by 89.
17
Calculate the remainder when 476 is divided by 226.
24
What is the remainder when 357 is divided by 70?
7
What is the remainder when 4726 is divided by 11?
7
What is the remainder when 173 is divided by 43?
1
What is the remainder when 1429 is divided by 6?
1
What is the remainder when 419 is divided by 92?
51
Calculate the remainder when 348 is divided by 59.
53
Calculate the remainder when 180 is divided by 61.
58
Calculate the remainder when 984 is divided by 21.
18
Calculate the remainder when 524 is divided by 260.
4
What is the remainder when 121 is divided by 40?
1
What is the remainder when 551 is divided by 79?
77
What is the remainder when 136 is divided by 62?
12
What is the remainder when 306 is divided by 154?
152
What is the remainder when 271 is divided by 6?
1
Calculate the remainder when 5339 is divided by 22.
15
What is the remainder when 57404 is divided by 39?
35
Calculate the remainder when 6199 is divided by 1549.
3
Calculate the remainder when 4 is divided by 2.
0
What is the remainder when 147 is divided by 49?
0
Calculate the remainder when 324 is divided by 12.
0
Calculate the remainder when 52 is divided by 15.
7
Calculate the remainder when 90 is divided by 6.
0
What is the remainder when 191 is divided by 36?
11
Calculate the remainder when 479 is divided by 96.
95
What is the remainder when 187 is divided by 32?
27
Calculate the remainder when 95 is divided by 94.
1
Calculate the remainder when 91 is divided by 24.
19
Calculate the remainder when 1036 is divided by 147.
7
What is the remainder when 74 is divided by 38?
36
What is the remainder when 503 is divided by 15?
8
What is the remainder when 1723 is divided by 860?
3
Calculate the remainder when 478 is divided by 21.
16
What is the remainder when 5787 is divided by 152?
11
What is the remainder when 175 is divided by 11?
10
Calculate the remainder when 9141 is divided by 31.
27
Calculate the remainder when 2826 is divided by 149.
144
Calculate the remainder when 567 is divided by 141.
3
Calculate the remainder when 565 is divided by 127.
57
Calculate the remainder when 856 is divided by 78.
76
Calculate the remainder when 1789 is divided by 10.
9
What is the remainder when 113 is divided by 36?
5
What is the remainder when 694 is divided by 5?
4
What is the remainder when 1698 is divided by 59?
46
What is the remainder when 6932 is divided by 15?
2
Calculate the remainder when 308 is divided by 10.
8
Calculate the remainder when 373 is divided by 13.
9
Calculate the remainder when 5506 is divided by 10.
6
What is the remainder when 430 is divided by 48?
46
What is the remainder when 274 is divided by 11?
10
Calculate the remainder when 1627 is divided by 74.
73
Calculate the remainder when 54 is divided by 15.
9
What is the remainder when 71 is divided by 9?
8
Calculate the remainder when 94 is divided by 51.
43
What is the remainder when 6249 is divided by 43?
14
What is the remainder when 3647 is divided by 261?
254
Calculate the remainder when 343 is divided by 70.
63
What is the remainder when 2757 is divided by 1375?
7
Calculate the remainder when 544 is divided by 51.
34
Calculate the remainder when 335 is divided by 43.
34
Calculate the remainder when 1217 is divided by 17.
10
What is the remainder when 882 is divided by 291?
9
Calculate the remainder when 1244 is divided by 592.
60
What is the remainder when 1032 is divided by 311?
99
What is the remainder when 524 is divided by 76?
68
What is the remainder when 1483 is divided by 11?
9
What is the remainder when 32 is divided by 12?
8
Calculate the remainder when 86 is divided by 55.
31
What is the remainder when 1719 is divided by 40?
39
Calculate the remainder when 25 is divided by 12.
1
Calculate the remainder when 830 is divided by 16.
14
Calculate the remainder when 68 is divided by 7.
5
Calculate the remainder when 1642 is divided by 163.
12
What is the remainder when 222 is divided by 34?
18
Calculate the remainder when 123 is divided by 30.
3
What is the remainder when 45 is divided by 13?
6
What is the remainder when 78 is divided by 28?
22
Calculate the remainder when 6647 is divided by 95.
92
What is the remainder when 333 is divided by 16?
13
Calculate the remainder when 291 is divided by 99.
93
What is the remainder when 2841 is divided by 33?
3
Calculate the remainder when 491 is divided by 36.
23
Calculate the remainder when 349 is divided by 7.
6
What is the remainder when 1292 is divided by 13?
5
What is the remainder when 286 is divided by 6?
4
What is the remainder when 534 is divided by 94?
64
Calculate the remainder when 3607 is divided by 113.
104
What is the remainder when 432 is divided by 6?
0
Calculate the remainder when 879 is divided by 73.
3
Calculate the remainder when 38 is divided by 31.
7
What is the remainder when 747 is divided by 16?
11
Calculate the remainder